{"id":13305,"date":"2024-04-05T06:26:05","date_gmt":"2024-04-05T06:26:05","guid":{"rendered":"https:\/\/centrumperla.pl\/unser-angebot\/aesthetische-medizin\/plasmalifting\/"},"modified":"2025-11-19T22:51:26","modified_gmt":"2025-11-19T22:51:26","slug":"plasmalifting","status":"publish","type":"page","link":"https:\/\/centrumperla.pl\/de\/unser-angebot\/aesthetische-medizin\/plasmalifting\/","title":{"rendered":"Plasmalifting"},"content":{"rendered":"<div class=\"wpb-content-wrapper\"><p>[vc_row][vc_column][vc_column_text css=&#8220;&#8220; woodmart_inline=&#8220;no&#8220; text_larger=&#8220;no&#8220;]Die Behandlung mit pl\u00e4ttchenreichem Plasma nennt sich \u201eVampir-Lifting\u201c und ist eine Behandlung mit einem aus dem Blut des Patienten gewonnenen Cocktail, einem hautregenerierenden Pr\u00e4parat, das reich an Naturstoffen ist und leicht einzieht. Nachdem die entsprechende Menge Blut entnommen wurde, wird es zentrifugiert, um das Plasma, das lebende Blutpl\u00e4ttchen enth\u00e4lt, abzutrennen. Pl\u00e4ttchenreiches Plasma ist f\u00fcr alle Hauttypen und in jedem Alter gedacht: f\u00fcr junge Haut zur Vorbeugung von Alterungsprozessen oder f\u00fcr reife Haut zur Regeneration der Haut. Es kann auch wirksam zur Vorbeugung und Behandlung von Haarausfall bei M\u00e4nnern eingesetzt werden. Es eignet sich sehr gut zur Unterst\u00fctzung der Hautheilung, beispielsweise nach einer plastischen Operation. Es hilft auch, Akneflecken und andere st\u00f6rende Narben zu beseitigen. Bei der autologen Zellerneuerung handelt es sich um die Erneuerung von Hautzellen mithilfe ihrer eigenen Wachstumsfaktoren und Stammzellen, die im pl\u00e4ttchenreichen Plasma enthalten sind. Sie stimulieren Geweberegenerationsprozesse, unterst\u00fctzen die Bildung neuer Blutgef\u00e4\u00dfe und regen Fibroblasten zur Produktion von neuem Kollagen an. Falten und F\u00e4ltchen werden gegl\u00e4ttet, der Teint wird strahlender und gleichm\u00e4\u00dfiger, die Haut gewinnt an Spannkraft und das Gesichtsoval wird besser modelliert. Die ersten Auswirkungen treten nach 3 Wochen auf. Am besten sind 3 Behandlungen im Abstand von jeweils einem Monat.<\/p>\n<p><strong>Kontraindikationen:<\/strong><\/p>\n<ul>\n<li>Krebs, h\u00e4matologische und Autoimmunerkrankungen<\/li>\n<li>Hautentz\u00fcndung<\/li>\n<li>aktives Herpesvirus<\/li>\n<li>Schwangerschaft und Stillzeit<\/li>\n<li>Einnahme bestimmter Medikamente (insbesondere solcher, die die Blutgerinnung reduzieren).<\/li>\n<\/ul>\n<p>Mehrere Dutzend Stunden nach der Behandlung sind die Spuren der Mikroinjektionen praktisch unsichtbar. Es ist au\u00dferdem kein sehr schmerzhafter Eingriff; zum Wohle des Patienten kann die Haut lokal mit einer Creme bet\u00e4ubt werden.<\/p>\n<p>[\/vc_column_text][\/vc_column][\/vc_row]<\/p>\n<\/div>","protected":false},"excerpt":{"rendered":"<p>[vc_row][vc_column][vc_column_text css=&#8220;&#8220; woodmart_inline=&#8220;no&#8220; text_larger=&#8220;no&#8220;]Die Behandlung mit pl\u00e4ttchenreichem Plasma nennt sich \u201eVampir-Lifting\u201c und ist eine Behandlung mit einem aus dem Blut<\/p>\n","protected":false},"author":1,"featured_media":0,"parent":11247,"menu_order":0,"comment_status":"closed","ping_status":"closed","template":"","meta":{"footnotes":""},"class_list":["post-13305","page","type-page","status-publish","hentry"],"yoast_head":"<!-- This site is optimized with the Yoast SEO Premium plugin v26.3 (Yoast SEO v28.3) - https:\/\/yoast.com\/product\/yoast-seo-premium-wordpress\/ -->\n<title>Plasmalifting - Centrum Per\u0142a<\/title>\n<meta name=\"robots\" content=\"index, follow, max-snippet:-1, max-image-preview:large, max-video-preview:-1\" \/>\n<link rel=\"canonical\" href=\"https:\/\/centrumperla.pl\/de\/unser-angebot\/aesthetische-medizin\/plasmalifting\/\" \/>\n<meta property=\"og:locale\" content=\"de_DE\" \/>\n<meta property=\"og:type\" content=\"article\" \/>\n<meta property=\"og:title\" content=\"Plasmalifting\" \/>\n<meta property=\"og:description\" content=\"[vc_row][vc_column][vc_column_text css=&#8220;&#8220; woodmart_inline=&#8220;no&#8220; text_larger=&#8220;no&#8220;]Die Behandlung mit pl\u00e4ttchenreichem Plasma nennt sich \u201eVampir-Lifting\u201c und ist eine Behandlung mit einem aus dem Blut\" \/>\n<meta property=\"og:url\" content=\"https:\/\/centrumperla.pl\/de\/unser-angebot\/aesthetische-medizin\/plasmalifting\/\" \/>\n<meta property=\"og:site_name\" content=\"Centrum Per\u0142a\" \/>\n<meta property=\"article:publisher\" content=\"https:\/\/www.facebook.com\/Perlacentrum\/?locale=pl_PL\" \/>\n<meta property=\"article:modified_time\" content=\"2025-11-19T22:51:26+00:00\" \/>\n<meta name=\"twitter:card\" content=\"summary_large_image\" \/>\n<meta name=\"twitter:label1\" content=\"Gesch\u00e4tzte Lesezeit\" \/>\n\t<meta name=\"twitter:data1\" content=\"2\u00a0Minuten\" \/>\n<script type=\"application\/ld+json\" class=\"yoast-schema-graph\">{\"@context\":\"https:\\\/\\\/schema.org\",\"@graph\":[{\"@type\":\"WebPage\",\"@id\":\"https:\\\/\\\/centrumperla.pl\\\/de\\\/unser-angebot\\\/aesthetische-medizin\\\/plasmalifting\\\/\",\"url\":\"https:\\\/\\\/centrumperla.pl\\\/de\\\/unser-angebot\\\/aesthetische-medizin\\\/plasmalifting\\\/\",\"name\":\"Plasmalifting - Centrum Per\u0142a\",\"isPartOf\":{\"@id\":\"https:\\\/\\\/centrumperla.pl\\\/de\\\/#website\"},\"datePublished\":\"2024-04-05T06:26:05+00:00\",\"dateModified\":\"2025-11-19T22:51:26+00:00\",\"breadcrumb\":{\"@id\":\"https:\\\/\\\/centrumperla.pl\\\/de\\\/unser-angebot\\\/aesthetische-medizin\\\/plasmalifting\\\/#breadcrumb\"},\"inLanguage\":\"de\",\"potentialAction\":[{\"@type\":\"ReadAction\",\"target\":[\"https:\\\/\\\/centrumperla.pl\\\/de\\\/unser-angebot\\\/aesthetische-medizin\\\/plasmalifting\\\/\"]}]},{\"@type\":\"BreadcrumbList\",\"@id\":\"https:\\\/\\\/centrumperla.pl\\\/de\\\/unser-angebot\\\/aesthetische-medizin\\\/plasmalifting\\\/#breadcrumb\",\"itemListElement\":[{\"@type\":\"ListItem\",\"position\":1,\"name\":\"Home\",\"item\":\"https:\\\/\\\/centrumperla.pl\\\/de\\\/\"},{\"@type\":\"ListItem\",\"position\":2,\"name\":\"Unser angebot\",\"item\":\"https:\\\/\\\/centrumperla.pl\\\/de\\\/unser-angebot\\\/\"},{\"@type\":\"ListItem\",\"position\":3,\"name\":\"\u00c4sthetische Kosmetologie\",\"item\":\"https:\\\/\\\/centrumperla.pl\\\/de\\\/unser-angebot\\\/aesthetische-medizin\\\/\"},{\"@type\":\"ListItem\",\"position\":4,\"name\":\"Plasmalifting\"}]},{\"@type\":\"WebSite\",\"@id\":\"https:\\\/\\\/centrumperla.pl\\\/de\\\/#website\",\"url\":\"https:\\\/\\\/centrumperla.pl\\\/de\\\/\",\"name\":\"Centrum Per\u0142a\",\"description\":\"Centrum kosmetologii, manicure, makija\u017c\",\"publisher\":{\"@id\":\"https:\\\/\\\/centrumperla.pl\\\/de\\\/#organization\"},\"potentialAction\":[{\"@type\":\"SearchAction\",\"target\":{\"@type\":\"EntryPoint\",\"urlTemplate\":\"https:\\\/\\\/centrumperla.pl\\\/de\\\/?s={search_term_string}\"},\"query-input\":{\"@type\":\"PropertyValueSpecification\",\"valueRequired\":true,\"valueName\":\"search_term_string\"}}],\"inLanguage\":\"de\"},{\"@type\":\"Organization\",\"@id\":\"https:\\\/\\\/centrumperla.pl\\\/de\\\/#organization\",\"name\":\"Centrum Per\u0142a\",\"url\":\"https:\\\/\\\/centrumperla.pl\\\/de\\\/\",\"logo\":{\"@type\":\"ImageObject\",\"inLanguage\":\"de\",\"@id\":\"https:\\\/\\\/centrumperla.pl\\\/de\\\/#\\\/schema\\\/logo\\\/image\\\/\",\"url\":\"http:\\\/\\\/centrumperla.pl\\\/wp-content\\\/uploads\\\/2024\\\/07\\\/cropped-perla_logo.png\",\"contentUrl\":\"http:\\\/\\\/centrumperla.pl\\\/wp-content\\\/uploads\\\/2024\\\/07\\\/cropped-perla_logo.png\",\"width\":512,\"height\":512,\"caption\":\"Centrum Per\u0142a\"},\"image\":{\"@id\":\"https:\\\/\\\/centrumperla.pl\\\/de\\\/#\\\/schema\\\/logo\\\/image\\\/\"},\"sameAs\":[\"https:\\\/\\\/www.facebook.com\\\/Perlacentrum\\\/?locale=pl_PL\",\"https:\\\/\\\/www.instagram.com\\\/bellazzianna\\\/\"]}]}<\/script>\n<!-- \/ Yoast SEO Premium plugin. -->","yoast_head_json":{"title":"Plasmalifting - Centrum Per\u0142a","robots":{"index":"index","follow":"follow","max-snippet":"max-snippet:-1","max-image-preview":"max-image-preview:large","max-video-preview":"max-video-preview:-1"},"canonical":"https:\/\/centrumperla.pl\/de\/unser-angebot\/aesthetische-medizin\/plasmalifting\/","og_locale":"de_DE","og_type":"article","og_title":"Plasmalifting","og_description":"[vc_row][vc_column][vc_column_text css=&#8220;&#8220; woodmart_inline=&#8220;no&#8220; text_larger=&#8220;no&#8220;]Die Behandlung mit pl\u00e4ttchenreichem Plasma nennt sich \u201eVampir-Lifting\u201c und ist eine Behandlung mit einem aus dem Blut","og_url":"https:\/\/centrumperla.pl\/de\/unser-angebot\/aesthetische-medizin\/plasmalifting\/","og_site_name":"Centrum Per\u0142a","article_publisher":"https:\/\/www.facebook.com\/Perlacentrum\/?locale=pl_PL","article_modified_time":"2025-11-19T22:51:26+00:00","twitter_card":"summary_large_image","twitter_misc":{"Gesch\u00e4tzte Lesezeit":"2\u00a0Minuten"},"schema":{"@context":"https:\/\/schema.org","@graph":[{"@type":"WebPage","@id":"https:\/\/centrumperla.pl\/de\/unser-angebot\/aesthetische-medizin\/plasmalifting\/","url":"https:\/\/centrumperla.pl\/de\/unser-angebot\/aesthetische-medizin\/plasmalifting\/","name":"Plasmalifting - Centrum Per\u0142a","isPartOf":{"@id":"https:\/\/centrumperla.pl\/de\/#website"},"datePublished":"2024-04-05T06:26:05+00:00","dateModified":"2025-11-19T22:51:26+00:00","breadcrumb":{"@id":"https:\/\/centrumperla.pl\/de\/unser-angebot\/aesthetische-medizin\/plasmalifting\/#breadcrumb"},"inLanguage":"de","potentialAction":[{"@type":"ReadAction","target":["https:\/\/centrumperla.pl\/de\/unser-angebot\/aesthetische-medizin\/plasmalifting\/"]}]},{"@type":"BreadcrumbList","@id":"https:\/\/centrumperla.pl\/de\/unser-angebot\/aesthetische-medizin\/plasmalifting\/#breadcrumb","itemListElement":[{"@type":"ListItem","position":1,"name":"Home","item":"https:\/\/centrumperla.pl\/de\/"},{"@type":"ListItem","position":2,"name":"Unser angebot","item":"https:\/\/centrumperla.pl\/de\/unser-angebot\/"},{"@type":"ListItem","position":3,"name":"\u00c4sthetische Kosmetologie","item":"https:\/\/centrumperla.pl\/de\/unser-angebot\/aesthetische-medizin\/"},{"@type":"ListItem","position":4,"name":"Plasmalifting"}]},{"@type":"WebSite","@id":"https:\/\/centrumperla.pl\/de\/#website","url":"https:\/\/centrumperla.pl\/de\/","name":"Centrum Per\u0142a","description":"Centrum kosmetologii, manicure, makija\u017c","publisher":{"@id":"https:\/\/centrumperla.pl\/de\/#organization"},"potentialAction":[{"@type":"SearchAction","target":{"@type":"EntryPoint","urlTemplate":"https:\/\/centrumperla.pl\/de\/?s={search_term_string}"},"query-input":{"@type":"PropertyValueSpecification","valueRequired":true,"valueName":"search_term_string"}}],"inLanguage":"de"},{"@type":"Organization","@id":"https:\/\/centrumperla.pl\/de\/#organization","name":"Centrum Per\u0142a","url":"https:\/\/centrumperla.pl\/de\/","logo":{"@type":"ImageObject","inLanguage":"de","@id":"https:\/\/centrumperla.pl\/de\/#\/schema\/logo\/image\/","url":"http:\/\/centrumperla.pl\/wp-content\/uploads\/2024\/07\/cropped-perla_logo.png","contentUrl":"http:\/\/centrumperla.pl\/wp-content\/uploads\/2024\/07\/cropped-perla_logo.png","width":512,"height":512,"caption":"Centrum Per\u0142a"},"image":{"@id":"https:\/\/centrumperla.pl\/de\/#\/schema\/logo\/image\/"},"sameAs":["https:\/\/www.facebook.com\/Perlacentrum\/?locale=pl_PL","https:\/\/www.instagram.com\/bellazzianna\/"]}]}},"_links":{"self":[{"href":"https:\/\/centrumperla.pl\/de\/wp-json\/wp\/v2\/pages\/13305","targetHints":{"allow":["GET"]}}],"collection":[{"href":"https:\/\/centrumperla.pl\/de\/wp-json\/wp\/v2\/pages"}],"about":[{"href":"https:\/\/centrumperla.pl\/de\/wp-json\/wp\/v2\/types\/page"}],"author":[{"embeddable":true,"href":"https:\/\/centrumperla.pl\/de\/wp-json\/wp\/v2\/users\/1"}],"replies":[{"embeddable":true,"href":"https:\/\/centrumperla.pl\/de\/wp-json\/wp\/v2\/comments?post=13305"}],"version-history":[{"count":3,"href":"https:\/\/centrumperla.pl\/de\/wp-json\/wp\/v2\/pages\/13305\/revisions"}],"predecessor-version":[{"id":23330,"href":"https:\/\/centrumperla.pl\/de\/wp-json\/wp\/v2\/pages\/13305\/revisions\/23330"}],"up":[{"embeddable":true,"href":"https:\/\/centrumperla.pl\/de\/wp-json\/wp\/v2\/pages\/11247"}],"wp:attachment":[{"href":"https:\/\/centrumperla.pl\/de\/wp-json\/wp\/v2\/media?parent=13305"}],"curies":[{"name":"wp","href":"https:\/\/api.w.org\/{rel}","templated":true}]}}

<div class="wpb-content-wrapper"><p>[vc_row][vc_column][vc_column_text css=&#8220;&#8220; woodmart_inline=&#8220;no&#8220; text_larger=&#8220;no&#8220;]Die Behandlung mit plättchenreichem Plasma nennt sich „Vampir-Lifting“ und ist eine Behandlung mit einem aus dem Blut des Patienten gewonnenen Cocktail, einem hautregenerierenden Präparat, das reich an Naturstoffen ist und leicht einzieht. Nachdem die entsprechende Menge Blut entnommen wurde, wird es zentrifugiert, um das Plasma, das lebende Blutplättchen enthält, abzutrennen. Plättchenreiches Plasma ist für alle Hauttypen und in jedem Alter gedacht: für junge Haut zur Vorbeugung von Alterungsprozessen oder für reife Haut zur Regeneration der Haut. Es kann auch wirksam zur Vorbeugung und Behandlung von Haarausfall bei Männern eingesetzt werden. Es eignet sich sehr gut zur Unterstützung der Hautheilung, beispielsweise nach einer plastischen Operation. Es hilft auch, Akneflecken und andere störende Narben zu beseitigen. Bei der autologen Zellerneuerung handelt es sich um die Erneuerung von Hautzellen mithilfe ihrer eigenen Wachstumsfaktoren und Stammzellen, die im plättchenreichen Plasma enthalten sind. Sie stimulieren Geweberegenerationsprozesse, unterstützen die Bildung neuer Blutgefäße und regen Fibroblasten zur Produktion von neuem Kollagen an. Falten und Fältchen werden geglättet, der Teint wird strahlender und gleichmäßiger, die Haut gewinnt an Spannkraft und das Gesichtsoval wird besser modelliert. Die ersten Auswirkungen treten nach 3 Wochen auf. Am besten sind 3 Behandlungen im Abstand von jeweils einem Monat.</p>
<p><strong>Kontraindikationen:</strong></p>
<ul>
<li>Krebs, hämatologische und Autoimmunerkrankungen</li>
<li>Hautentzündung</li>
<li>aktives Herpesvirus</li>
<li>Schwangerschaft und Stillzeit</li>
<li>Einnahme bestimmter Medikamente (insbesondere solcher, die die Blutgerinnung reduzieren).</li>
</ul>
<p>Mehrere Dutzend Stunden nach der Behandlung sind die Spuren der Mikroinjektionen praktisch unsichtbar. Es ist außerdem kein sehr schmerzhafter Eingriff; zum Wohle des Patienten kann die Haut lokal mit einer Creme betäubt werden.</p>
<p>[/vc_column_text][/vc_column][/vc_row]</p>
</div>

<p>[vc_row][vc_column][vc_column_text css=&#8220;&#8220; woodmart_inline=&#8220;no&#8220; text_larger=&#8220;no&#8220;]Die Behandlung mit plättchenreichem Plasma nennt sich „Vampir-Lifting“ und ist eine Behandlung mit einem aus dem Blut</p>

<!-- This site is optimized with the Yoast SEO Premium plugin v26.3 (Yoast SEO v28.3) - https://yoast.com/product/yoast-seo-premium-wordpress/ -->
<title>Plasmalifting - Centrum Perła</title>
<meta name="robots" content="index, follow, max-snippet:-1, max-image-preview:large, max-video-preview:-1" />
<link rel="canonical" href="https://centrumperla.pl/de/unser-angebot/aesthetische-medizin/plasmalifting/" />
<meta property="og:locale" content="de_DE" />
<meta property="og:type" content="article" />
<meta property="og:title" content="Plasmalifting" />
<meta property="og:description" content="[vc_row][vc_column][vc_column_text css=&#8220;&#8220; woodmart_inline=&#8220;no&#8220; text_larger=&#8220;no&#8220;]Die Behandlung mit plättchenreichem Plasma nennt sich „Vampir-Lifting“ und ist eine Behandlung mit einem aus dem Blut" />
<meta property="og:url" content="https://centrumperla.pl/de/unser-angebot/aesthetische-medizin/plasmalifting/" />
<meta property="og:site_name" content="Centrum Perła" />
<meta property="article:publisher" content="https://www.facebook.com/Perlacentrum/?locale=pl_PL" />
<meta property="article:modified_time" content="2025-11-19T22:51:26+00:00" />
<meta name="twitter:card" content="summary_large_image" />
<meta name="twitter:label1" content="Geschätzte Lesezeit" />
	<meta name="twitter:data1" content="2 Minuten" />
<script type="application/ld+json" class="yoast-schema-graph">{"@context":"https:\/\/schema.org","@graph":[{"@type":"WebPage","@id":"https:\/\/centrumperla.pl\/de\/unser-angebot\/aesthetische-medizin\/plasmalifting\/","url":"https:\/\/centrumperla.pl\/de\/unser-angebot\/aesthetische-medizin\/plasmalifting\/","name":"Plasmalifting - Centrum Perła","isPartOf":{"@id":"https:\/\/centrumperla.pl\/de\/#website"},"datePublished":"2024-04-05T06:26:05+00:00","dateModified":"2025-11-19T22:51:26+00:00","breadcrumb":{"@id":"https:\/\/centrumperla.pl\/de\/unser-angebot\/aesthetische-medizin\/plasmalifting\/#breadcrumb"},"inLanguage":"de","potentialAction":[{"@type":"ReadAction","target":["https:\/\/centrumperla.pl\/de\/unser-angebot\/aesthetische-medizin\/plasmalifting\/"]}]},{"@type":"BreadcrumbList","@id":"https:\/\/centrumperla.pl\/de\/unser-angebot\/aesthetische-medizin\/plasmalifting\/#breadcrumb","itemListElement":[{"@type":"ListItem","position":1,"name":"Home","item":"https:\/\/centrumperla.pl\/de\/"},{"@type":"ListItem","position":2,"name":"Unser angebot","item":"https:\/\/centrumperla.pl\/de\/unser-angebot\/"},{"@type":"ListItem","position":3,"name":"Ästhetische Kosmetologie","item":"https:\/\/centrumperla.pl\/de\/unser-angebot\/aesthetische-medizin\/"},{"@type":"ListItem","position":4,"name":"Plasmalifting"}]},{"@type":"WebSite","@id":"https:\/\/centrumperla.pl\/de\/#website","url":"https:\/\/centrumperla.pl\/de\/","name":"Centrum Perła","description":"Centrum kosmetologii, manicure, makijaż","publisher":{"@id":"https:\/\/centrumperla.pl\/de\/#organization"},"potentialAction":[{"@type":"SearchAction","target":{"@type":"EntryPoint","urlTemplate":"https:\/\/centrumperla.pl\/de\/?s={search_term_string}"},"query-input":{"@type":"PropertyValueSpecification","valueRequired":true,"valueName":"search_term_string"}}],"inLanguage":"de"},{"@type":"Organization","@id":"https:\/\/centrumperla.pl\/de\/#organization","name":"Centrum Perła","url":"https:\/\/centrumperla.pl\/de\/","logo":{"@type":"ImageObject","inLanguage":"de","@id":"https:\/\/centrumperla.pl\/de\/#\/schema\/logo\/image\/","url":"http:\/\/centrumperla.pl\/wp-content\/uploads\/2024\/07\/cropped-perla_logo.png","contentUrl":"http:\/\/centrumperla.pl\/wp-content\/uploads\/2024\/07\/cropped-perla_logo.png","width":512,"height":512,"caption":"Centrum Perła"},"image":{"@id":"https:\/\/centrumperla.pl\/de\/#\/schema\/logo\/image\/"},"sameAs":["https:\/\/www.facebook.com\/Perlacentrum\/?locale=pl_PL","https:\/\/www.instagram.com\/bellazzianna\/"]}]}</script>
<!-- / Yoast SEO Premium plugin. -->

Plasmalifting - Centrum Perła

[vc_row][vc_column][vc_column_text css=&#8220;&#8220; woodmart_inline=&#8220;no&#8220; text_larger=&#8220;no&#8220;]Die Behandlung mit plättchenreichem Plasma nennt sich „Vampir-Lifting“ und ist eine Behandlung mit einem aus dem Blut

Centrum Perła

Ästhetische Kosmetologie

Centrum kosmetologii, manicure, makijaż
